. Let u(f) = -4*p(f) - 5*x(f). What is u(-5)?
-5
Let y(z) = -5*z + 7 - 5*z - 2*z + 4*z + 7*z. Suppose -17 = -5*q - 2. Suppose -q*k - 36 = -5*j, -2*k = j - 5*k. What is y(j)?
-2
Let a(f) = -6*f + 33. Let m be a(5). Let j(k) = -8*k**3 - 3*k**2 + k**2 - 1 + 9*k**m - 4*k**2 + 6*k. Give j(5).
4
Let k(c) = 10*c**3 - 4. Let i(h) = -17*h**3 + 7. Let n(o) = -3*i(o) - 5*k(o). Let d = -5 - -6. What is n(d)?
0
Let o(v) = -4*v**2 - 6*v. Suppose -4*u = -3*u - 2. Let a(g) = 4*g**2 - 2*g + g**u + 9*g. Let x(h) = 5*a(h) + 6*o(h). Determine x(3).
6
Let m(v) be the first derivative of -v**3/3 + 3*v**2 - v + 117. Suppose 5*r + 14 = 44. What is m(r)?
-1
Suppose -4*d = -3*v + 8*v - 81, 4*v = -4*d + 68. Let i(z) = -z**3 + 15*z**2 - 25*z - 10. Calculate i(v).
3
Let o(h) be the third derivative of 2*h**3/3 - 7*h**2. Let f(c) = -c + 3. Let l(v) = 5*f(v) - 4*o(v). Let x(m) = 2*m - 1. Let q be x(1). Calculate l(q).
-6
Let x(z) be the first derivative of 16 - 3/2*z**2 - z - 4/3*z**3 - 1/4*z**4. Calculate x(-4).
11
Let f = 116 - 124. Let t(z) = z + 1. Let a(h) = 3*h + 2. Let o(b) = 2*a(b) - 5*t(b). What is o(f)?
-9
Let w(f) = -5*f - 1. Let c be w(1). Let z(b) = 27*b**2 - 13*b + 11. Let v(s) = 14*s**2 - 6*s + 5. Let k(l) = c*z(l) + 13*v(l). What is k(1)?
19
Let y be 3 + (6/(-9))/((-22)/(-33)). Let b(s) = -11*s + 5. Calculate b(y).
-17
Suppose 10*o - 5*o = 5. Let c(y) = -5*y + 6*y + o - 2 + 8. Calculate c(-5).
2
Let i(m) be the second derivative of 1/20*m**5 - 5/12*m**4 - 5/2*m**2 - m**3 - m + 0. Give i(6).
-5
Suppose 0*w - 29 = 5*z - w, -4*w + 14 = -3*z. Let s = 3 - z. Suppose -s = -2*m - m. Let k(q) = q**3 - 3*q**2. What is k(m)?
0
Suppose 0 = 3*f - 5 - 7, -q - 5*f = -26. Let n be 4/q + (-2)/3. Let k(r) = -5*r**2 - 3*r + r**2 + n*r**2 + 2*r**2 - 2. What is k(-2)?
-4
Let f(q) be the first derivative of q**4/4 - q**3/3 + q**2/2 - 3*q - 19. Suppose 4 = 19*y + 4. Calculate f(y).
-3
Let o(h) = 0 + 0*h**2 + h**2 + 3*h + 1 - 4. Determine o(-4).
1
Let o(i) be the first derivative of -1/3*i**3 - 3*i**2 - 3*i + 5. What is o(-7)?
-10
Let x = 6 - 11. Let k(r) be the first derivative of -2*r**2 - 3*r + 4/3*r**3 + 1/4*r**4 + 2. What is k(x)?
-8
Let c(o) = -o**3 - 6*o**2 - 4*o + 3. Let i be (0 + 0 - -3) + 1. Suppose 3 = -i*x - 17. Give c(x).
-2
Suppose -5*x - 2*t - 2*t = -58, 5*t - 13 = -2*x. Suppose -11*k = -13*k - x. Let d(u) = u. What is d(k)?
-7
Suppose -2*b + 1 = 3*x, -4*b - 26 = -2*x + b. Suppose -d = x*d + 4. Let u(m) = -4*m + 1. Give u(d).
5
Let i(m) = -m**3 - 5*m**2 + 5*m + 1. Let s = 1051 - 1057. Determine i(s).
7
Let v(n) = -10*n. Let c(p) = 5*p + 2. Let i(f) = -5*c(f) - 2*v(f). Determine i(-5).
15
Let t(u) = u**3 + 21*u**2 - 25*u - 71. Let d be t(-22). Let y(j) = -j**3 - 6*j**2 - 4*j - 7. What is y(d)?
-12
Let x(q) be the second derivative of -q**4/3 - 2*q**3/3 - q**2 - 84*q + 1. What is x(-2)?
-10
Suppose 5*g - 1 = -11. Let b be (-2 - -2)*g/(-4). Let y(t) = -5*t**2 - 5*t - 14. Let c(h) = 2*h**2 + 2*h. Let j(u) = -2*c(u) - y(u). What is j(b)?
14
Let h(u) = -5*u**3 + u**2 - u - 1. Let y be ((-6)/(-5))/(12/30). Suppose -y*p + 7 = -2. Let v(a) = -a**2 + 2*a + 2. Let t be v(p). What is h(t)?
6
Suppose 0 = 7*c - 0*c - 497. Let b = 77 - c. Let p(s) = s**3 - 7*s**2 + 5*s + 4. What is p(b)?
-2
Let w(p) = -7*p - 2*p - 11*p - 7 + 19*p. Give w(-8).
1
Let s(b) = -42 + 16 + 17 + 10 - b. Let k(n) = -2*n. Let u(a) = k(a) + s(a). Determine u(-1).
4
Let p(l) be the first derivative of -l**4/4 - 8*l**3/3 + 9*l**2/2 - 6*l + 39. Give p(-9).
-6
Let k = -87 - -93. Let n(w) = 3*w - 15. Give n(k).
3
Suppose 0*z + 5*z - 15 = 0. Let k(r) = -z*r**2 - 2 - 14*r**3 + 16*r**3 + r + 2. Let n be k(2). Let w(h) = h**2 - 7*h - 6. What is w(n)?
-12
Let x(f) = -1. Let p(m) = m + 2. Let s(n) = -p(n) - 4*x(n). Suppose -31 + 1 = -6*a. Give s(a).
-3
Let k(p) = 23*p**2 + 7*p + 2. Let v(f) = -11*f**2 - 3*f - 1. Let b(m) = -4*k(m) - 9*v(m). Calculate b(1).
7
Suppose -25*r = -23*r + 3*u - 2, 3*r - 1 = -4*u. Let b(p) = p**3 + 5*p**2 + p + 4. Give b(r).
-1
Suppose 2*h - 9 = w, -h - 6 = h + 2*w. Let k(v) = -19*v**2 + h - 22*v**2 + 3*v + 38*v**2. Calculate k(-2).
-16
Let y(n) be the first derivative of 42 - 4*n - 1/2*n**2. Suppose -17 - 3 = -5*z. Calculate y(z).
-8
Let f(w) = -w**3 - 3*w**2 + 4*w + 6. Suppose -3*q - 2*l = -96, l = -4*l. Suppose 3*g + g = q. Suppose 2*n = -z - g, -6*z + z = 3*n + 26. What is f(z)?
6
Let u = -348 - -347. Let o(t) = 10*t + 5. Calculate o(u).
-5
Let m be -5 + 1 + -2 - (3 + -11). Let n(t) be the second derivative of 0 + m*t**2 - t - 1/6*t**3. Calculate n(0).
4
Let n(v) = 2*v - 9. Let d(g) = g - 11 + 4 + 2 + 0. Let m(h) = -5*d(h) + 2*n(h). Determine m(5).
2
Suppose 5*x - o - 24 = 73, -o + 83 = 4*x. Let b = x - 26. Let s(q) = 2*q**2 - 8*q - 3. Let h(d) = d**2 - 7*d - 2. Let r(j) = 3*h(j) - 2*s(j). Give r(b).
-6
Let r(b) = 7*b**2 - 37*b + 15. Let g be r(5). Let m(q) = -q**2 + 8*q - 2. Determine m(g).
13
Let x(s) = s**3 + 14*s**2 + s + 15. Let r be x(-14). Let u(k) = -29*k + k**2 + r - 1 + 30*k. Calculate u(1).
2
Let j(g) = -g + 10. Let q be j(16). Let z be q*3/15*20/(-8). Let t(n) = n**3 - 2*n**2 - 4*n + 2. What is t(z)?
-1
Let o(i) be the third derivative of i**8/10080 + i**7/1008 + i**6/240 - 13*i**5/60 + 7*i**2. Let q(p) be the third derivative of o(p). Calculate q(-3).
6
Let x(u) be the second derivative of 0 + 5/3*u**3 + 36*u - 3/4*u**4 + 2*u**2 - 1/20*u**5. Calculate x(-10).
4
Let h(w) be the second derivative of w**4/12 - w**3/6 + 191*w. Give h(-4).
20
Suppose -20*w + 113 = -21*w. Let d = -104 - w. Let f(x) = x + 2. Give f(d).
11
Let n(p) = -1413*p**2 + 1402*p**2 - 6*p + 1 + 6*p. Give n(1).
-10
Let f be (-3 + 2)/(2/(-2)). Let p be f + (1 - 2 - 0). Let z(r) be the first derivative of -r**2/2 - 6*r + 10. Give z(p).
-6
Let s(i) = -3*i + 1. Let d be s(-1). Let j be 2 + 1 - -3 - 1. Let t(a) = 5 + 0*a + 5*a**2 + 3*a**3 - j*a + 2*a**3 - 6*a**3. What is t(d)?
1
Suppose 4*t = g + 2 - 0, -3*g + 3*t = -12. Let p be (6/(-3))/1*-2. Let l(q) = -q - q + g*q - 1 + p. Give l(-2).
-5
Let t(r) be the second derivative of 5*r**3/6 - r**2/2 + 3*r. Let o be 21/(-27)*-3 + 8/12. Suppose -k = -4*z + 4, 3*z + 7*k = 6*k + o. What is t(z)?
4
Let g(f) be the second derivative of -13/2*f**2 - 3*f - 2 + 1/6*f**3. Give g(0).
-13
Let x(b) = -3*b + 6. Suppose -i = g + g - 3, -4*i - 5*g + 15 = 0. What is x(i)?
-9
Let i = 7 - 5. Let p be (1/2)/(i/8). Suppose p*k + 0 = 6. Let g(l) = 4*l - 4. Give g(k).
8
Let q(r) = 3*r**3 - 3 - 2 - 8*r**2 + 0 - 2*r**3. Let c be q(8). Let d(n) = -n**3 - 5*n**2 + 4*n + 5. Determine d(c).
-15
Let r(v) = v + 5. Let s be r(-3). Let q(g) = 3*g**2 - g**s - 4*g**2 + 1 + 0*g**2. Let d(a) = a**2 + 6*a - 2. Let c be d(-6). Give q(c).
-7
Let x = 9 + -6. Let z be 9*1/x - -1. Suppose 3*d - z = 14. Let m(g) = g**2 - 6*g + 7. Give m(d).
7
Suppose 4*f - 2 = -22. Let r(t) = -t**2 - t - 3. Let w(s) = 2*s**2 - 2*s + 5. Let d(z) = -3*r(z) - w(z). Give d(f).
4
Let w(h) be the third derivative of -h**6/720 - 25*h**4/24 + 25*h**2. Let y(a) be the second derivative of w(a). Give y(6).
-6
Suppose 5*d - 31 = 64. Let f(x) = -38*x**2 + d*x**2 - x + 20*x**2 + 5. Give f(4).
17
Suppose -87*a = -82*a - 10. Let t(j) = -17*j - 24. Let r(v) = -4*v - 6. Let o(h) = a*t(h) - 9*r(h). What is o(-7)?
-8
Let t(g) = 7*g - 2. Let r(f) = -13*f + 4. Let z(w) = -39*w + 12. Let o(x) = -17*r(x) + 6*z(x). Let c(m) = 6*o(m) + 11*t(m). What is c(-6)?
8
Suppose 4*b = 55 - 171. Let s = -41 - b. Let g = 7 + s. Let y(f) = f + 12. Give y(g).
7
Let v(f) = -f**2 + 11*f + 100. Let l be v(17). Let d(b) = -2*b**3 - 4*b**2 - 2*b + 2. Give d(l).
6
Let i(p) = 6*p**3 - 2*p + 1. Let v(s) = s + 2. Suppose -r = -4*r + 12. Let u be v(r). Suppose -3*w + b + u = 0, w - 4*b = -0*w + 13. Determine i(w).
5
Let r(u) = -3*u**3 + 3*u**2 + u + 9. Let w(m) = 10*m**3 - 9*m**2 - 4*m - 28. Let j(z) = 7*r(z) + 2*w(z). Determine j(4).
-13
Suppose -2*n + 13 = 1. Let q(m) = m**3 + 2*m**2 - m - 11. Let g(t) = -6*t**3 - 19*t**2 - t + 79. Let o(j) = g(j) + 7*q(j). Determine o(n).
-10
Let l(k) = -k**2 + 11*k + 2. Suppose 6*g = 58 + 2. Determine l(g).
12
Let a(u) = -12*u + 7*u + 9*u + 4. Suppose 0 = -0*b - b + 2. Let f = b + -5. Calculate a(f).
-8
Let v = 2 + 2. Let t(j) = -j**3 + j**2 - j. Let k(l) = -2*l**3 + 2*l**2 - 5*l - 1. Let q(p) = v*t(p) - k(p). Determine q(2).
-5
Suppose